t is the thousands digit of 284479?
4
What is the millions digit of 2921258?
2
What is the hundred thousands digit of 530264?
5
What is the hundred thousands digit of 888961?
8
What is the units digit of 6206117?
7
What is the millions digit of 4278544?
4
What is the thousands digit of 1803757?
3
What is the units digit of 25457?
7
What is the tens digit of 13385521?
2
What is the millions digit of 3774281?
3
What is the ten thousands digit of 8443859?
4
What is the millions digit of 6760661?
6
What is the thousands digit of 2475140?
5
What is the units digit of 309122?
2
What is the ten thousands digit of 2680598?
8
What is the units digit of 973634?
4
What is the thousands digit of 177217?
7
What is the ten thousands digit of 318945?
1
What is the units digit of 495918?
8
What is the thousands digit of 8936415?
6
What is the hundred thousands digit of 279866?
2
What is the thousands digit of 482102?
2
What is the tens digit of 414337?
3
What is the hundred thousands digit of 1712380?
7
What is the hundreds digit of 5745244?
2
What is the tens digit of 430525?
2
What is the hundreds digit of 10863055?
0
What is the thousands digit of 1113765?
3
What is the thousands digit of 20099466?
9
What is the hundreds digit of 2197051?
0
What is the hundreds digit of 3465220?
2
What is the units digit of 4199872?
2
What is the ten millions digit of 13061748?
1
What is the hundreds digit of 98732?
7
What is the tens digit of 892035?
3
What is the ten thousands digit of 80523?
8
What is the hundreds digit of 307764?
7
What is the units digit of 1201674?
4
What is the thousands digit of 1948036?
8
What is the hundred thousands digit of 625728?
6
What is the thousands digit of 3341606?
1
What is the tens digit of 916035?
3
What is the thousands digit of 476524?
6
What is the tens digit of 7327368?
6
What is the units digit of 470281?
1
What is the ten thousands digit of 119275?
1
What is the thousands digit of 1259441?
9
What is the hundred thousands digit of 1734472?
7
What is the thousands digit of 492719?
2
What is the ten thousands digit of 929052?
2
What is the millions digit of 1860274?
1
What is the hundreds digit of 354213?
2
What is the units digit of 2890556?
6
What is the units digit of 411436?
6
What is the tens digit of 22237745?
4
What is the tens digit of 4364473?
7
What is the thousands digit of 182331?
2
What is the tens digit of 432704?
0
What is the thousands digit of 519426?
9
What is the hundred thousands digit of 10308327?
3
What is the hundred thousands digit of 2492500?
4
What is the ten thousands digit of 421425?
2
What is the hundreds digit of 85707?
7
What is the hundred thousands digit of 208054?
2
What is the units digit of 223531?
1
What is the hundred thousands digit of 235694?
2
What is the ten thousands digit of 107287?
0
What is the hundred thousands digit of 15672727?
6
What is the hundreds digit of 27755064?
0
What is the hundreds digit of 901669?
6
What is the thousands digit of 67433?
7
What is the tens digit of 1085315?
1
What is the ten thousands digit of 1700857?
0
What is the millions digit of 1416751?
1
What is the thousands digit of 79057?
9
What is the ten thousands digit of 246078?
4
What is the hundreds digit of 766460?
4
What is the millions digit of 21895447?
1
What is the tens digit of 63249?
4
What is the units digit of 9468263?
3
What is the units digit of 3156860?
0
What is the tens digit of 291047?
4
What is the hundreds digit of 931634?
6
What is the units digit of 610746?
6
What is the tens digit of 246216?
1
What is the tens digit of 220911?
1
What is the tens digit of 188925?
2
What is the units digit of 410325?
5
What is the hundred thousands digit of 206467?
2
What is the hundreds digit of 66768?
7
What is the hundreds digit of 396825?
8
What is the hundreds digit of 1119201?
2
What is the ten thousands digit of 254464?
5
What is the thousands digit of 16685806?
5
What is the thousands digit of 206706?
6
What is the units digit of 4458001?
1
What is the tens digit of 32796?
9
What is the millions digit of 14047840?
4
What is the tens digit of 8314657?
5
What is the hundred thousands digit of 198920?
1
What is the hundred thousands digit of 3428963?
4
What is the ten thousands digit of 8202774?
0
What is the ten thousands digit of 517665?
1
What is the hundreds digit of 7851199?
1
What is the units digit of 3687904?
4
What is the hundreds digit of 105159?
1
What is the hundred thousands digit of 2947637?
9
What is the hundreds digit of 546119?
1
What is the units digit of 154089?
9
What is the thousands digit of 438092?
8
What is the tens digit of 360548?
4
What is the millions digit of 1304853?
1
What is the thousands digit of 610744?
0
What is the millions digit of 4084472?
4
What is the ten thousands digit of 2867324?
6
What is the hundred thousands digit of 1528976?
5
What is the units digit of 604909?
9
What is the hundreds digit of 16218975?
9
What is the millions digit of 20322384?
0
What is the units digit of 4320753?
3
What is the units digit of 146707?
7
What is the thousands digit of 221305?
1
What is the ten thousands digit of 12107571?
0
What is the hundred thousands digit of 788073?
7
What is the units digit of 557920?
0
What is the hundreds digit of 4371663?
6
What is the hundreds digit of 15866805?
8
What is the ten thousands digit of 10222841?
2
What is the thousands digit of 324182?
4
What is the tens digit of 762240?
4
What is the units digit of 978697?
7
What is the tens digit of 672889?
8
What is the thousands digit of 6199382?
9
What is the tens digit of 992065?
6
What is the tens digit of 6389677?
7
What is the hundreds digit of 8814747?
7
What is the tens digit of 63330?
3
What is the units digit of 1079342?
2
What is the ten thousands digit of 1137131?
3
What is the hundreds digit of 10883898?
8
What is the hundreds digit of 4833242?
2
What is the tens digit of 2906745?
4
What is the ten thousands digit of 240693?
4
What is the ten thousands digit of 471402?
7
What is the tens digit of 222832?
3
What is the thousands digit of 2240977?
0
What is the hundreds digit of 8369078?
0
What is the ten thousands digit of 3360132?
6
What is the thousands digit of 1546755?
6
What is the thousands digit of 4233612?
3
What is the hundreds digit of 45480?
4
What is the tens digit of 3457894?
9
What is the ten thousands digit of 129252?
2
What is the hundred thousands digit of 457760?
4
What is the ten thousands digit of 513281?
1
What is the thousands digit of 291680?
1
What is the hundreds digit of 36295992?
9
What is the hundreds digit of 147102?
1
What is the tens digit of 8235649?
4
What is the tens digit of 716745?
4
What is the hundred thousands digit of 457694?
4
What is the hundreds digit of 900608?
6
What is the hundreds digit of 14433211?
2
What is the thousands digit of 814722?
4
What is the hundred thousands digit of 37161864?
1
What is the thousands digit of 13128517?
8
What is the thousands digit of 1047906?
7
What is the ten millions digit of 25488307?
2
What is the units digit of 82675?
5
What is the ten thousands digit of 8043229?
4
What is the ten thousands digit of 264296?
6
What is the millions digit of 8595589?
8
What is the thousands digit of 1515890?
5
What is the thousands digit of 432978?
2
What is the units digit of 6838052?
2
What is the thousands digit of 235786?
5
What is the ten thousands digit of 178519?
7
What is the hundreds digit of 189877?
8
What is the hundreds digit of 9223187?
1
What is the hundred thousands digit of 6773782?
7
What is the hundred thousands digit of 914956?
9
What is the tens digit of 20906158?
5
What is the millions digit of 6031433?
6
What is the tens digit of 416828?
2
What is the ten thousands digit of 5981443?
8
What is the ten thousands digit of 3004741?
0
What is the hundreds digit of 168765?
7
What is the tens digit of 324662?
6
What is the hundred thousands digit of 963899?
9
What is the ten thousands digit of 172774?
7
What is the hundreds digit of 96649?
6
What is the hundreds digit of 40214?
2
What is the hundreds digit of 17630752?
7
What is the hundreds digit of 88955?
9
What is the ten thousands digit of 451218?
5
What is the units digit of 493941?
1
What is the tens digit of 7486409?
0
What is the millions digit of